{"id":1994,"date":"2020-02-03T13:02:12","date_gmt":"2020-02-03T12:02:12","guid":{"rendered":"https:\/\/www.svu2000.org\/nemecko\/wp-content\/B\u00edl\u00e1-nemoc-f.jpg"},"modified":"2020-02-03T13:02:12","modified_gmt":"2020-02-03T12:02:12","slug":"bila-nemoc-f","status":"inherit","type":"attachment","link":"https:\/\/www.svu2000.org\/nemecko\/drivejsi\/2020\/akce-leden-2020-filmovy-vecer-k-130-vyroci-narozeni-k-capka\/attachment\/bila-nemoc-f\/","title":{"rendered":"B\u00edl\u00e1 nemoc f"},"author":9,"featured_media":0,"comment_status":"closed","ping_status":"closed","template":"","meta":[],"class_list":["post-1994","attachment","type-attachment","status-inherit","hentry"],"description":{"rendered":"<p class=\"attachment\"><a href='https:\/\/www.svu2000.org\/nemecko\/wp-content\/B\u00edl\u00e1-nemoc-f.jpg'><img loading=\"lazy\" decoding=\"async\" width=\"300\" height=\"201\" src=\"https:\/\/www.svu2000.org\/nemecko\/wp-content\/B\u00edl\u00e1-nemoc-f-300x201.jpg\" class=\"attachment-medium size-medium\" alt=\"\" srcset=\"https:\/\/www.svu2000.org\/nemecko\/wp-content\/B\u00edl\u00e1-nemoc-f-300x201.jpg 300w, https:\/\/www.svu2000.org\/nemecko\/wp-content\/B\u00edl\u00e1-nemoc-f-360x241.jpg 360w, https:\/\/www.svu2000.org\/nemecko\/wp-content\/B\u00edl\u00e1-nemoc-f.jpg 670w\" sizes=\"auto, (max-width: 300px) 100vw, 300px\" \/><\/a><\/p>\n"},"caption":{"rendered":""},"alt_text":"","media_type":"image","mime_type":"image\/jpeg","media_details":{"width":670,"height":448,"file":"B\u00edl\u00e1-nemoc-f.jpg","sizes":{"thumbnail":{"file":"B\u00edl\u00e1-nemoc-f-150x150.jpg","width":150,"height":150,"mime_type":"image\/jpeg","source_url":"https:\/\/www.svu2000.org\/nemecko\/wp-content\/B\u00edl\u00e1-nemoc-f-150x150.jpg"},"medium":{"file":"B\u00edl\u00e1-nemoc-f-300x201.jpg","width":300,"height":201,"mime_type":"image\/jpeg","source_url":"https:\/\/www.svu2000.org\/nemecko\/wp-content\/B\u00edl\u00e1-nemoc-f-300x201.jpg"},"education-hub-thumb":{"file":"B\u00edl\u00e1-nemoc-f-360x241.jpg","width":360,"height":241,"mime_type":"image\/jpeg","source_url":"https:\/\/www.svu2000.org\/nemecko\/wp-content\/B\u00edl\u00e1-nemoc-f-360x241.jpg"},"full":{"file":"B\u00edl\u00e1-nemoc-f.jpg","width":670,"height":448,"mime_type":"image\/jpeg","source_url":"https:\/\/www.svu2000.org\/nemecko\/wp-content\/B\u00edl\u00e1-nemoc-f.jpg"}},"image_meta":{"aperture":"0","credit":"","camera":"","caption":"","created_timestamp":"0","copyright":"","focal_length":"0","iso":"0","shutter_speed":"0","title":"","orientation":"0","keywords":[]}},"post":1988,"source_url":"https:\/\/www.svu2000.org\/nemecko\/wp-content\/B\u00edl\u00e1-nemoc-f.jpg","_links":{"self":[{"href":"https:\/\/www.svu2000.org\/nemecko\/wp-json\/wp\/v2\/media\/1994","targetHints":{"allow":["GET"]}}],"collection":[{"href":"https:\/\/www.svu2000.org\/nemecko\/wp-json\/wp\/v2\/media"}],"about":[{"href":"https:\/\/www.svu2000.org\/nemecko\/wp-json\/wp\/v2\/types\/attachment"}],"author":[{"embeddable":true,"href":"https:\/\/www.svu2000.org\/nemecko\/wp-json\/wp\/v2\/users\/9"}]}}

https://www.svu2000.org/nemecko/wp-content/Bílá-nemoc-f.jpg

Bílá nemoc f

<p class="attachment"><a href='https://www.svu2000.org/nemecko/wp-content/Bílá-nemoc-f.jpg'><img loading="lazy" decoding="async" width="300" height="201" src="https://www.svu2000.org/nemecko/wp-content/Bílá-nemoc-f-300x201.jpg" class="attachment-medium size-medium" alt="" srcset="https://www.svu2000.org/nemecko/wp-content/Bílá-nemoc-f-300x201.jpg 300w, https://www.svu2000.org/nemecko/wp-content/Bílá-nemoc-f-360x241.jpg 360w, https://www.svu2000.org/nemecko/wp-content/Bílá-nemoc-f.jpg 670w" sizes="auto, (max-width: 300px) 100vw, 300px" /></a></p>

Bílá-nemoc-f.jpg

Bílá-nemoc-f-150x150.jpg

https://www.svu2000.org/nemecko/wp-content/Bílá-nemoc-f-150x150.jpg

Bílá-nemoc-f-300x201.jpg

https://www.svu2000.org/nemecko/wp-content/Bílá-nemoc-f-300x201.jpg

Bílá-nemoc-f-360x241.jpg

https://www.svu2000.org/nemecko/wp-content/Bílá-nemoc-f-360x241.jpg
